{"id":244,"date":"2023-03-02T14:22:40","date_gmt":"2023-03-02T14:22:40","guid":{"rendered":"https:\/\/abogadoadrianhuergo.com.ar\/?page_id=244"},"modified":"2023-03-07T14:12:43","modified_gmt":"2023-03-07T14:12:43","slug":"trayectoria","status":"publish","type":"page","link":"https:\/\/abogadoadrianhuergo.com.ar\/index.php\/trayectoria\/","title":{"rendered":"Trayectoria"},"content":{"rendered":"\t\t<div data-elementor-type=\"wp-page\" data-elementor-id=\"244\" class=\"elementor elementor-244\" data-elementor-post-type=\"page\">\n\t\t\t\t\t\t<section class=\"elementor-section elementor-top-section elementor-element elementor-element-619f008 elementor-section-boxed elementor-section-height-default elementor-section-height-default\" data-id=\"619f008\" data-element_type=\"section\" data-e-type=\"section\">\n\t\t\t\t\t\t<div class=\"elementor-container elementor-column-gap-default\">\n\t\t\t\t\t<div class=\"elementor-column elementor-col-50 elementor-top-column elementor-element elementor-element-831c509\" data-id=\"831c509\" data-element_type=\"column\" data-e-type=\"column\">\n\t\t\t<div class=\"elementor-widget-wrap elementor-element-populated\">\n\t\t\t\t\t\t<div class=\"elementor-element elementor-element-991d742 elementor-widget elementor-widget-arter-resume\" data-id=\"991d742\" data-element_type=\"widget\" data-e-type=\"widget\" data-widget_type=\"arter-resume.default\">\n\t\t\t\t<div class=\"elementor-widget-container\">\n\t\t\t\t\t\n\t\t\t    <!-- section title -->\n\t    <div class=\"art-section-title\">\n\t      <!-- title frame -->\n\t      <div class=\"art-title-frame\">\n\t        <!-- title -->\n\t        <h4 class=\"art-title-h\">\n\t    \t<span >\n\t          \tEducaci\u00f3n\t         <\/span>\n\t    \t<\/h4>\n\t      <\/div>\n\t      <!-- title frame end -->\n\t    <\/div>\n\t    <!-- section title end -->\n\t  \t\n        <!-- timeline -->\n        <div class=\"art-timeline art-gallery\">\n                              <div class=\"art-timeline-item\">\n            <div class=\"art-timeline-mark-light\"><\/div>\n            <div class=\"art-timeline-mark\"><\/div>\n\n            <div class=\"art-a art-timeline-content\">\n              <div class=\"art-card-header\">\n                <div class=\"art-left-side\">\n                                    <h5>\n                  \t<span >\n\t\t        \t\tAbogado\t\t        \t<\/span>\n                  <\/h5>\n                                                      <div class=\"art-el-suptitle mb-15\">\n                  \t<span >\n\t\t        \t\tUniversidad  Blas Pascal\t\t        \t<\/span>\n                  <\/div>\n                                  <\/div>\n                <div class=\"art-right-side\">\n                                    <span class=\"art-date\">\n                  \t<span >\n\t\t        \t\t2015\t\t        \t<\/span>\n                  <\/span>\n                                  <\/div>\n              <\/div>\n                                        <\/div>\n\n                      <\/div>\n                            <\/div>\n        <!-- timeline end -->\n\n\t\t\t\t\t\t<\/div>\n\t\t\t\t<\/div>\n\t\t\t\t\t<\/div>\n\t\t<\/div>\n\t\t\t\t<div class=\"elementor-column elementor-col-50 elementor-top-column elementor-element elementor-element-6ed7557\" data-id=\"6ed7557\" data-element_type=\"column\" data-e-type=\"column\">\n\t\t\t<div class=\"elementor-widget-wrap elementor-element-populated\">\n\t\t\t\t\t\t<div class=\"elementor-element elementor-element-a35e748 elementor-widget elementor-widget-arter-resume\" data-id=\"a35e748\" data-element_type=\"widget\" data-e-type=\"widget\" data-widget_type=\"arter-resume.default\">\n\t\t\t\t<div class=\"elementor-widget-container\">\n\t\t\t\t\t\n\t\t\t    <!-- section title -->\n\t    <div class=\"art-section-title\">\n\t      <!-- title frame -->\n\t      <div class=\"art-title-frame\">\n\t        <!-- title -->\n\t        <h4 class=\"art-title-h\">\n\t    \t<span >\n\t          \tProfesional\t         <\/span>\n\t    \t<\/h4>\n\t      <\/div>\n\t      <!-- title frame end -->\n\t    <\/div>\n\t    <!-- section title end -->\n\t  \t\n        <!-- timeline -->\n        <div class=\"art-timeline art-gallery\">\n                              <div class=\"art-timeline-item\">\n            <div class=\"art-timeline-mark-light\"><\/div>\n            <div class=\"art-timeline-mark\"><\/div>\n\n            <div class=\"art-a art-timeline-content\">\n              <div class=\"art-card-header\">\n                <div class=\"art-left-side\">\n                                                      <div class=\"art-el-suptitle mb-15\">\n                  \t<span >\n\t\t        \t\tEstudio Jur\u00eddico Carlos Barrionuevo y Asoc. -  9 de Julio 258, Ciudad de C\u00f3rdoba, C\u00f3rdoba - Argentina\t\t        \t<\/span>\n                  <\/div>\n                                  <\/div>\n                <div class=\"art-right-side\">\n                                    <span class=\"art-date\">\n                  \t<span >\n\t\t        \t\t1999 - 2004\t\t        \t<\/span>\n                  <\/span>\n                                  <\/div>\n              <\/div>\n                                                                                    <a data-magnific-inline data-no-swup href=\"#art-recomendation-popup-1549953342\" class=\"art-link art-color-link art-w-chevron\">\n                            \t<span >\n\t        \t\tRECOMENDACI\u00d3N\t        \t<\/span>\n              <\/a>\n                          <\/div>\n\n                        <!-- popup -->\n            <div class=\"art-recomendation-popup mfp-hide mfp-with-anim\" id=\"art-recomendation-popup-1549953342\">\n              <!-- testimonial -->\n              <div class=\"art-a art-testimonial\">\n                <!-- testimonial body -->\n                <div class=\"testimonial-body\">\n                                    <!-- photo -->\n                  <img decoding=\"async\" class=\"art-testimonial-face\" src=\"\" alt=\"Juan Perez\">\n                                                      <!-- name -->\n                  <h5>Juan Perez<\/h5>\n                                                      <div class=\"art-el-suptitle mb-15\">Jefe<\/div>\n                                                      <!-- text -->\n                  <div class=\"mb-15\">\n                  \t<p>Recomendaci\u00f3n<\/p>                  <\/div>\n                                  <\/div>\n                <!-- testimonial body end -->\n                <!-- testimonial footer -->\n                <div class=\"art-testimonial-footer\">\n                  <div class=\"art-left-side\">\n                  \t                    <!-- star rate -->\n                    <ul class=\"art-star-rate\">\n                      \t                  \t                  <li><i class=\"fas fa-star\"><\/i><\/li>\n\t                  \t                  \t                  \t                  <li><i class=\"fas fa-star\"><\/i><\/li>\n\t                  \t                  \t                  \t                  <li><i class=\"fas fa-star\"><\/i><\/li>\n\t                  \t                  \t                  \t                  <li><i class=\"fas fa-star\"><\/i><\/li>\n\t                  \t                  \t                  \t                  <li><i class=\"fas fa-star\"><\/i><\/li>\n\t                  \t                                      <\/ul>\n                    <!-- star rate end -->\n                                      <\/div>\n                  <div class=\"art-right-side\">\n\n                  <\/div>\n                <\/div>\n                <!-- testimonial footer end -->\n              <\/div>\n              <!-- testimonial end -->\n\n            <\/div>\n            <!-- popup end -->\n                      <\/div>\n                    <div class=\"art-timeline-item\">\n            <div class=\"art-timeline-mark-light\"><\/div>\n            <div class=\"art-timeline-mark\"><\/div>\n\n            <div class=\"art-a art-timeline-content\">\n              <div class=\"art-card-header\">\n                <div class=\"art-left-side\">\n                                                      <div class=\"art-el-suptitle mb-15\">\n                  \t<span >\n\t\t        \t\tEstudio Jur\u00eddico Lozada Echenique y Asoc. - Belgrano 21, piso 1ro., Ciudad de C\u00f3rdoba, C\u00f3rdoba - Argentina\t\t        \t<\/span>\n                  <\/div>\n                                  <\/div>\n                <div class=\"art-right-side\">\n                                    <span class=\"art-date\">\n                  \t<span >\n\t\t        \t\t2004 - 2023\t\t        \t<\/span>\n                  <\/span>\n                                  <\/div>\n              <\/div>\n                                                                                    <a data-magnific-inline data-no-swup href=\"#art-recomendation-popup-1644023176\" class=\"art-link art-color-link art-w-chevron\">\n                            \t<span >\n\t        \t\tRECOMENDACI\u00d3N\t        \t<\/span>\n              <\/a>\n                          <\/div>\n\n                        <!-- popup -->\n            <div class=\"art-recomendation-popup mfp-hide mfp-with-anim\" id=\"art-recomendation-popup-1644023176\">\n              <!-- testimonial -->\n              <div class=\"art-a art-testimonial\">\n                <!-- testimonial body -->\n                <div class=\"testimonial-body\">\n                                    <!-- photo -->\n                  <img decoding=\"async\" class=\"art-testimonial-face\" src=\"\" alt=\"Juan Perez\">\n                                                      <!-- name -->\n                  <h5>Juan Perez<\/h5>\n                                                      <div class=\"art-el-suptitle mb-15\">Jefe<\/div>\n                                                      <!-- text -->\n                  <div class=\"mb-15\">\n                  \t<p>Recomendaci\u00f3n<\/p>                  <\/div>\n                                  <\/div>\n                <!-- testimonial body end -->\n                <!-- testimonial footer -->\n                <div class=\"art-testimonial-footer\">\n                  <div class=\"art-left-side\">\n                  \t                    <!-- star rate -->\n                    <ul class=\"art-star-rate\">\n                      \t                  \t                  <li><i class=\"fas fa-star\"><\/i><\/li>\n\t                  \t                  \t                  \t                  <li><i class=\"fas fa-star\"><\/i><\/li>\n\t                  \t                  \t                  \t                  <li><i class=\"fas fa-star\"><\/i><\/li>\n\t                  \t                  \t                  \t                  <li><i class=\"fas fa-star\"><\/i><\/li>\n\t                  \t                  \t                  \t                  <li><i class=\"fas fa-star\"><\/i><\/li>\n\t                  \t                                      <\/ul>\n                    <!-- star rate end -->\n                                      <\/div>\n                  <div class=\"art-right-side\">\n\n                  <\/div>\n                <\/div>\n                <!-- testimonial footer end -->\n              <\/div>\n              <!-- testimonial end -->\n\n            <\/div>\n            <!-- popup end -->\n                      <\/div>\n                            <\/div>\n        <!-- timeline end -->\n\n\t\t\t\t\t\t<\/div>\n\t\t\t\t<\/div>\n\t\t\t\t\t<\/div>\n\t\t<\/div>\n\t\t\t\t\t<\/div>\n\t\t<\/section>\n\t\t\t\t<\/div>\n\t\t","protected":false},"excerpt":{"rendered":"<p>Educaci\u00f3n Abogado Universidad Blas Pascal 2015 Profesional Estudio Jur\u00eddico Carlos Barrionuevo y Asoc. &#8211; 9 de Julio 258, Ciudad de&#8230; <\/p>\n<div class=\"art-el-more\"><a href=\"https:\/\/abogadoadrianhuergo.com.ar\/index.php\/trayectoria\/\" class=\"art-link art-color-link art-w-chevron\">Read more<\/a><\/div>\n","protected":false},"author":1,"featured_media":0,"parent":0,"menu_order":0,"comment_status":"closed","ping_status":"closed","template":"elementor_theme","meta":{"_acf_changed":false,"footnotes":""},"class_list":["post-244","page","type-page","status-publish","hentry"],"acf":[],"_links":{"self":[{"href":"https:\/\/abogadoadrianhuergo.com.ar\/index.php\/wp-json\/wp\/v2\/pages\/244","targetHints":{"allow":["GET"]}}],"collection":[{"href":"https:\/\/abogadoadrianhuergo.com.ar\/index.php\/wp-json\/wp\/v2\/pages"}],"about":[{"href":"https:\/\/abogadoadrianhuergo.com.ar\/index.php\/wp-json\/wp\/v2\/types\/page"}],"author":[{"embeddable":true,"href":"https:\/\/abogadoadrianhuergo.com.ar\/index.php\/wp-json\/wp\/v2\/users\/1"}],"replies":[{"embeddable":true,"href":"https:\/\/abogadoadrianhuergo.com.ar\/index.php\/wp-json\/wp\/v2\/comments?post=244"}],"version-history":[{"count":25,"href":"https:\/\/abogadoadrianhuergo.com.ar\/index.php\/wp-json\/wp\/v2\/pages\/244\/revisions"}],"predecessor-version":[{"id":355,"href":"https:\/\/abogadoadrianhuergo.com.ar\/index.php\/wp-json\/wp\/v2\/pages\/244\/revisions\/355"}],"wp:attachment":[{"href":"https:\/\/abogadoadrianhuergo.com.ar\/index.php\/wp-json\/wp\/v2\/media?parent=244"}],"curies":[{"name":"wp","href":"https:\/\/api.w.org\/{rel}","templated":true}]}}